CRAN Package Check Results for Package rgdal

Last updated on 2022-09-25 12:56:06 CEST.

Flavor Version Tinstall Tcheck Ttotal Status Flags
r-devel-linux-x86_64-debian-clang 1.5-32 37.73 130.97 168.70 OK
r-devel-linux-x86_64-debian-gcc 1.5-32 28.23 104.43 132.66 OK
r-devel-linux-x86_64-fedora-clang 1.5-32 224.66 NOTE
r-devel-linux-x86_64-fedora-gcc 1.5-32 216.77 OK
r-devel-windows-x86_64 1.5-32 136.00 767.00 903.00 NOTE
r-patched-linux-x86_64 1.5-32 30.97 127.21 158.18 OK
r-release-linux-x86_64 1.5-32 26.98 129.53 156.51 OK
r-release-macos-arm64 1.5-32 108.00 NOTE
r-release-macos-x86_64 1.5-32 173.00 NOTE
r-release-windows-x86_64 1.5-32 140.00 736.00 876.00 NOTE
r-oldrel-macos-arm64 1.5-32 111.00 NOTE
r-oldrel-macos-x86_64 1.5-32 166.00 NOTE
r-oldrel-windows-ix86+x86_64 1.5-32 200.00 630.00 830.00 NOTE

Check Details

Version: 1.5-32
Check: installed package size
Result: NOTE
     installed size is 7.9Mb
     sub-directories of 1Mb or more:
     doc 3.7Mb
     pictures 1.3Mb
Flavors: r-devel-linux-x86_64-fedora-clang, r-devel-windows-x86_64, r-release-macos-arm64, r-release-macos-x86_64, r-release-windows-x86_64, r-oldrel-macos-arm64, r-oldrel-macos-x86_64, r-oldrel-windows-ix86+x86_64