CRAN Package Check Results for Package revdbayes

Last updated on 2022-10-02 12:56:04 CEST.

Flavor Version Tinstall Tcheck Ttotal Status Flags
r-devel-linux-x86_64-debian-clang 1.4.9 62.53 400.94 463.47 NOTE
r-devel-linux-x86_64-debian-gcc 1.4.9 51.73 278.09 329.82 NOTE
r-devel-linux-x86_64-fedora-clang 1.4.9 572.70 NOTE
r-devel-linux-x86_64-fedora-gcc 1.4.9 577.70 NOTE
r-devel-windows-x86_64 1.4.9 99.00 613.00 712.00 OK
r-patched-linux-x86_64 1.4.9 52.33 374.75 427.08 NOTE
r-release-linux-x86_64 1.4.9 40.18 375.82 416.00 NOTE
r-release-macos-arm64 1.4.9 152.00 NOTE
r-release-macos-x86_64 1.4.9 259.00 NOTE
r-release-windows-x86_64 1.4.9 105.00 622.00 727.00 OK
r-oldrel-macos-arm64 1.4.9 150.00 NOTE
r-oldrel-macos-x86_64 1.4.9 255.00 NOTE
r-oldrel-windows-ix86+x86_64 1.4.9 135.00 746.00 881.00 OK

Check Details

Version: 1.4.9
Check: package dependencies
Result: NOTE
    Package suggested but not available for checking: 'evdbayes'
Flavors: r-devel-linux-x86_64-debian-clang, r-devel-linux-x86_64-debian-gcc, r-devel-linux-x86_64-fedora-clang, r-devel-linux-x86_64-fedora-gcc, r-patched-linux-x86_64, r-release-linux-x86_64

Version: 1.4.9
Check: installed package size
Result: NOTE
     installed size is 5.6Mb
     sub-directories of 1Mb or more:
     libs 4.3Mb
Flavors: r-release-macos-arm64, r-release-macos-x86_64, r-oldrel-macos-arm64, r-oldrel-macos-x86_64