CRAN Package Check Results for Package reticulate

Last updated on 2022-01-19 11:54:09 CET.

Flavor Version Tinstall Tcheck Ttotal Status Flags
r-devel-linux-x86_64-debian-clang 1.23 OK
r-devel-linux-x86_64-debian-gcc 1.23 32.60 96.99 129.59 OK
r-devel-linux-x86_64-fedora-clang 1.23 212.19 OK
r-devel-linux-x86_64-fedora-gcc 1.23 196.39 OK
r-devel-windows-x86_64-new-UL 1.23 405.00 182.00 587.00 OK
r-devel-windows-x86_64-new-TK 1.23 OK
r-patched-linux-x86_64 1.23 33.79 127.88 161.67 OK
r-release-linux-x86_64 1.23 OK
r-release-macos-arm64 1.23 WARN
r-release-macos-x86_64 1.23 WARN
r-release-windows-ix86+x86_64 1.23 91.00 253.00 344.00 WARN
r-oldrel-macos-x86_64 1.22 OK
r-oldrel-windows-ix86+x86_64 1.22 118.00 230.00 348.00 OK

Additional issues

M1mac

Check Details

Version: 1.23
Check: installed package size
Result: NOTE
     installed size is 6.3Mb
     sub-directories of 1Mb or more:
     libs 4.1Mb
Flavors: r-release-macos-arm64, r-release-macos-x86_64

Version: 1.23
Check: re-building of vignette outputs
Result: WARN
    Error(s) in re-building vignettes:
    --- re-building ‘arrays.Rmd’ using rmarkdown
    --- finished re-building ‘arrays.Rmd’
    
    --- re-building ‘calling_python.Rmd’ using rmarkdown
    --- finished re-building ‘calling_python.Rmd’
    
    --- re-building ‘package.Rmd’ using rmarkdown
    --- finished re-building ‘package.Rmd’
    
    --- re-building ‘python_dependencies.Rmd’ using rmarkdown
    --- finished re-building ‘python_dependencies.Rmd’
    
    --- re-building ‘python_packages.Rmd’ using rmarkdown
    --- finished re-building ‘python_packages.Rmd’
    
    --- re-building ‘python_primer.Rmd’ using rmarkdown
    Quitting from lines 155-176 (python_primer.Rmd)
    Error: processing vignette 'python_primer.Rmd' failed with diagnostics:
    invalid syntax (<string>, line 12)
    --- failed re-building ‘python_primer.Rmd’
    
    --- re-building ‘r_markdown.Rmd’ using rmarkdown
    --- finished re-building ‘r_markdown.Rmd’
    
    --- re-building ‘versions.Rmd’ using rmarkdown
    --- finished re-building ‘versions.Rmd’
    
    SUMMARY: processing the following file failed:
     ‘python_primer.Rmd’
    
    Error: Vignette re-building failed.
    Execution halted
Flavor: r-release-macos-arm64

Version: 1.23
Check: re-building of vignette outputs
Result: WARN
    Error(s) in re-building vignettes:
    --- re-building ‘arrays.Rmd’ using rmarkdown
    Pandoc is required to build R Markdown vignettes but not available. Please make sure it is installed.
    --- finished re-building ‘arrays.Rmd’
    
    --- re-building ‘calling_python.Rmd’ using rmarkdown
    Pandoc is required to build R Markdown vignettes but not available. Please make sure it is installed.
    --- finished re-building ‘calling_python.Rmd’
    
    --- re-building ‘package.Rmd’ using rmarkdown
    Pandoc is required to build R Markdown vignettes but not available. Please make sure it is installed.
    --- finished re-building ‘package.Rmd’
    
    --- re-building ‘python_dependencies.Rmd’ using rmarkdown
    Pandoc is required to build R Markdown vignettes but not available. Please make sure it is installed.
    --- finished re-building ‘python_dependencies.Rmd’
    
    --- re-building ‘python_packages.Rmd’ using rmarkdown
    Pandoc is required to build R Markdown vignettes but not available. Please make sure it is installed.
    --- finished re-building ‘python_packages.Rmd’
    
    --- re-building ‘python_primer.Rmd’ using rmarkdown
    Pandoc is required to build R Markdown vignettes but not available. Please make sure it is installed.
    Quitting from lines 155-176 (python_primer.Rmd)
    Error: processing vignette 'python_primer.Rmd' failed with diagnostics:
    invalid syntax (<string>, line 12)
    --- failed re-building ‘python_primer.Rmd’
    
    --- re-building ‘r_markdown.Rmd’ using rmarkdown
    Pandoc is required to build R Markdown vignettes but not available. Please make sure it is installed.
    --- finished re-building ‘r_markdown.Rmd’
    
    --- re-building ‘versions.Rmd’ using rmarkdown
    Pandoc is required to build R Markdown vignettes but not available. Please make sure it is installed.
    --- finished re-building ‘versions.Rmd’
    
    SUMMARY: processing the following file failed:
     ‘python_primer.Rmd’
    
    Error: Vignette re-building failed.
    Execution halted
Flavor: r-release-macos-x86_64

Version: 1.23
Check: re-building of vignette outputs
Result: WARN
    Error(s) in re-building vignettes:
    --- re-building 'arrays.Rmd' using rmarkdown
    --- finished re-building 'arrays.Rmd'
    
    --- re-building 'calling_python.Rmd' using rmarkdown
    --- finished re-building 'calling_python.Rmd'
    
    --- re-building 'package.Rmd' using rmarkdown
    --- finished re-building 'package.Rmd'
    
    --- re-building 'python_dependencies.Rmd' using rmarkdown
    --- finished re-building 'python_dependencies.Rmd'
    
    --- re-building 'python_packages.Rmd' using rmarkdown
    --- finished re-building 'python_packages.Rmd'
    
    --- re-building 'python_primer.Rmd' using rmarkdown
    Quitting from lines 155-176 (python_primer.Rmd)
    Error: processing vignette 'python_primer.Rmd' failed with diagnostics:
    invalid syntax (<fstring>, line 1)
    --- failed re-building 'python_primer.Rmd'
    
    --- re-building 'r_markdown.Rmd' using rmarkdown
    --- finished re-building 'r_markdown.Rmd'
    
    --- re-building 'versions.Rmd' using rmarkdown
    --- finished re-building 'versions.Rmd'
    
    SUMMARY: processing the following file failed:
     'python_primer.Rmd'
    
    Error: Vignette re-building failed.
    Execution halted
Flavor: r-release-windows-ix86+x86_64