CRAN Package Check Results for Package recipes

Last updated on 2021-10-23 12:07:43 CEST.

Flavor Version Tinstall Tcheck Ttotal Status Flags
r-devel-linux-x86_64-debian-clang 0.1.17 22.87 306.98 329.85 OK
r-devel-linux-x86_64-debian-gcc 0.1.17 16.44 230.76 247.20 OK
r-devel-linux-x86_64-fedora-clang 0.1.17 391.91 NOTE
r-devel-linux-x86_64-fedora-gcc 0.1.17 384.74 OK
r-devel-windows-x86_64 0.1.17 35.00 414.00 449.00 OK
r-devel-windows-x86_64-gcc10-UCRT 0.1.17 OK
r-patched-linux-x86_64 0.1.17 31.75 311.03 342.78 OK
r-patched-solaris-x86 0.1.17 467.50 OK
r-release-linux-x86_64 0.1.17 23.21 307.10 330.31 OK
r-release-macos-arm64 0.1.17 OK
r-release-macos-x86_64 0.1.17 OK
r-release-windows-ix86+x86_64 0.1.17 34.00 356.00 390.00 OK
r-oldrel-macos-x86_64 0.1.17 OK
r-oldrel-windows-ix86+x86_64 0.1.17 49.00 420.00 469.00 OK

Check Details

Version: 0.1.17
Check: Rd cross-references
Result: NOTE
    Undeclared package ‘hardhat’ in Rd xrefs
Flavor: r-devel-linux-x86_64-fedora-clang