CRAN Package Check Results for Package rbioacc

Last updated on 2022-09-24 12:57:36 CEST.

Flavor Version Tinstall Tcheck Ttotal Status Flags
r-devel-linux-x86_64-debian-clang 1.1-0 389.19 190.87 580.06 NOTE
r-devel-linux-x86_64-debian-gcc 1.1-0 333.87 155.31 489.18 NOTE
r-devel-linux-x86_64-fedora-clang 1.1-0 699.96 NOTE
r-devel-linux-x86_64-fedora-gcc 1.1-0 805.58 NOTE
r-devel-windows-x86_64 1.1-0 549.00 318.00 867.00 NOTE
r-patched-linux-x86_64 1.1-0 255.59 199.34 454.93 NOTE
r-release-linux-x86_64 1.1-0 270.50 199.05 469.55 NOTE
r-release-macos-arm64 1.1-0 213.00 NOTE
r-release-macos-x86_64 1.1-0 466.00 NOTE
r-release-windows-x86_64 1.1-0 298.00 289.00 587.00 NOTE
r-oldrel-macos-arm64 1.1-0 165.00 NOTE
r-oldrel-macos-x86_64 1.1-0 271.00 NOTE
r-oldrel-windows-ix86+x86_64 1.1-0 809.00 333.00 1142.00 NOTE

Check Details

Version: 1.1-0
Check: for GNU extensions in Makefiles
Result: NOTE
    GNU make is a SystemRequirements.
Flavors: r-devel-linux-x86_64-debian-clang, r-devel-linux-x86_64-debian-gcc, r-devel-linux-x86_64-fedora-clang, r-devel-linux-x86_64-fedora-gcc, r-devel-windows-x86_64, r-patched-linux-x86_64, r-release-linux-x86_64, r-release-macos-arm64, r-release-macos-x86_64, r-release-windows-x86_64, r-oldrel-macos-arm64, r-oldrel-macos-x86_64, r-oldrel-windows-ix86+x86_64

Version: 1.1-0
Check: installed package size
Result: NOTE
     installed size is 5.0Mb
     sub-directories of 1Mb or more:
     libs 4.4Mb
Flavors: r-devel-linux-x86_64-fedora-clang, r-release-macos-arm64, r-release-macos-x86_64, r-oldrel-macos-arm64, r-oldrel-macos-x86_64, r-oldrel-windows-ix86+x86_64