CRAN Package Check Results for Package rangeMapper

Last updated on 2021-10-22 12:59:25 CEST.

Flavor Version Tinstall Tcheck Ttotal Status Flags
r-devel-linux-x86_64-debian-clang 2.0.2 28.50 321.31 349.81 OK
r-devel-linux-x86_64-debian-gcc 2.0.2 22.81 234.97 257.78 OK
r-devel-linux-x86_64-fedora-clang 2.0.2 419.33 OK
r-devel-linux-x86_64-fedora-gcc 2.0.2 407.34 OK
r-devel-windows-x86_64 2.0.2 48.00 286.00 334.00 OK
r-devel-windows-x86_64-gcc10-UCRT 2.0.2 NOTE
r-patched-linux-x86_64 2.0.2 27.53 314.70 342.23 OK
r-patched-solaris-x86 2.0.2 469.50 OK
r-release-linux-x86_64 2.0.2 25.76 314.39 340.15 OK
r-release-macos-arm64 2.0.2 OK
r-release-macos-x86_64 2.0.2 OK
r-release-windows-ix86+x86_64 2.0.2 49.00 368.00 417.00 OK
r-oldrel-macos-x86_64 2.0.2 OK
r-oldrel-windows-ix86+x86_64 2.0.2 37.00 213.00 250.00 OK

Check Details

Version: 2.0.2
Check: package dependencies
Result: NOTE
    Package suggested but not available for checking: 'igraph'
Flavor: r-devel-windows-x86_64-gcc10-UCRT