CRAN Package Check Results for Package radsafer

Last updated on 2022-10-02 12:56:02 CEST.

Flavor Version Tinstall Tcheck Ttotal Status Flags
r-devel-linux-x86_64-debian-clang 2.2.6 5.81 57.29 63.10 OK
r-devel-linux-x86_64-debian-gcc 2.2.6 3.76 43.65 47.41 OK
r-devel-linux-x86_64-fedora-clang 2.2.6 88.30 NOTE
r-devel-linux-x86_64-fedora-gcc 2.2.6 83.14 NOTE
r-devel-windows-x86_64 2.2.6 31.00 95.00 126.00 OK
r-patched-linux-x86_64 2.2.6 4.28 55.13 59.41 OK
r-release-linux-x86_64 2.2.6 4.52 54.60 59.12 OK
r-release-macos-arm64 2.2.6 25.00 NOTE
r-release-macos-x86_64 2.2.6 57.00 NOTE
r-release-windows-x86_64 2.2.6 9.00 98.00 107.00 OK
r-oldrel-macos-arm64 2.2.6 25.00 NOTE
r-oldrel-macos-x86_64 2.2.6 34.00 NOTE
r-oldrel-windows-ix86+x86_64 2.2.6 12.00 83.00 95.00 OK

Check Details

Version: 2.2.6
Check: dependencies in R code
Result: NOTE
    Namespaces in Imports field not imported from:
     ‘qpdf’ ‘utf8’
     All declared Imports should be used.
Flavors: r-devel-linux-x86_64-fedora-clang, r-devel-linux-x86_64-fedora-gcc, r-release-macos-arm64, r-release-macos-x86_64, r-oldrel-macos-arm64, r-oldrel-macos-x86_64