CRAN Package Check Results for Package pspline.inference

Last updated on 2022-08-16 12:53:09 CEST.

Flavor Version Tinstall Tcheck Ttotal Status Flags
r-devel-linux-x86_64-debian-clang 1.0.4 11.27 202.30 213.57 NOTE
r-devel-linux-x86_64-debian-gcc 1.0.4 9.52 146.76 156.28 NOTE
r-devel-linux-x86_64-fedora-clang 1.0.4 251.73 NOTE
r-devel-linux-x86_64-fedora-gcc 1.0.4 245.51 NOTE
r-devel-windows-x86_64 1.0.4 88.00 222.00 310.00 NOTE
r-patched-linux-x86_64 1.0.4 11.24 178.39 189.63 NOTE
r-release-linux-x86_64 1.0.4 11.12 178.75 189.87 NOTE
r-release-macos-arm64 1.0.4 79.00 NOTE
r-release-macos-x86_64 1.0.4 192.00 NOTE
r-release-windows-x86_64 1.0.4 69.00 207.00 276.00 NOTE
r-oldrel-macos-arm64 1.0.4 94.00 NOTE
r-oldrel-macos-x86_64 1.0.4 159.00 NOTE
r-oldrel-windows-ix86+x86_64 1.0.4 25.00 212.00 237.00 NOTE

Check Details

Version: 1.0.4
Check: LazyData
Result: NOTE
     'LazyData' is specified without a 'data' directory
Flavors: r-devel-linux-x86_64-debian-clang, r-devel-linux-x86_64-debian-gcc, r-devel-linux-x86_64-fedora-clang, r-devel-linux-x86_64-fedora-gcc, r-devel-windows-x86_64, r-patched-linux-x86_64, r-release-linux-x86_64, r-release-macos-arm64, r-release-macos-x86_64, r-release-windows-x86_64, r-oldrel-macos-arm64, r-oldrel-macos-x86_64, r-oldrel-windows-ix86+x86_64