CRAN Package Check Results for Package plinkQC

Last updated on 2021-10-22 12:59:24 CEST.

Flavor Version Tinstall Tcheck Ttotal Status Flags
r-devel-linux-x86_64-debian-clang 0.3.4 8.28 107.09 115.37 OK
r-devel-linux-x86_64-debian-gcc 0.3.4 7.04 81.68 88.72 OK
r-devel-linux-x86_64-fedora-clang 0.3.4 149.62 OK
r-devel-linux-x86_64-fedora-gcc 0.3.4 136.73 OK
r-devel-windows-x86_64 0.3.4 15.00 177.00 192.00 OK
r-devel-windows-x86_64-gcc10-UCRT 0.3.4 ERROR
r-patched-linux-x86_64 0.3.4 9.90 103.81 113.71 OK
r-patched-solaris-x86 0.3.4 142.00 OK
r-release-linux-x86_64 0.3.4 7.60 103.30 110.90 OK
r-release-macos-arm64 0.3.4 OK
r-release-macos-x86_64 0.3.4 OK
r-release-windows-ix86+x86_64 0.3.4 27.00 161.00 188.00 OK
r-oldrel-macos-x86_64 0.3.4 OK
r-oldrel-windows-ix86+x86_64 0.3.4 19.00 174.00 193.00 OK

Check Details

Version: 0.3.4
Check: package dependencies
Result: ERROR
    Package required but not available: 'igraph'
    
    See section 'The DESCRIPTION file' in the 'Writing R Extensions'
    manual.
Flavor: r-devel-windows-x86_64-gcc10-UCRT