CRAN Package Check Results for Package pkgconfig

Last updated on 2022-10-05 12:56:58 CEST.

Flavor Version Tinstall Tcheck Ttotal Status Flags
r-devel-linux-x86_64-debian-clang 2.0.3 1.80 24.85 26.65 NOTE
r-devel-linux-x86_64-debian-gcc 2.0.3 0.98 19.50 20.48 NOTE
r-devel-linux-x86_64-fedora-clang 2.0.3 45.19 NOTE
r-devel-linux-x86_64-fedora-gcc 2.0.3 42.43 NOTE
r-devel-windows-x86_64 2.0.3 19.00 58.00 77.00 NOTE
r-patched-linux-x86_64 2.0.3 1.92 23.77 25.69 NOTE
r-release-linux-x86_64 2.0.3 1.27 23.47 24.74 NOTE
r-release-macos-arm64 2.0.3 15.00 NOTE
r-release-macos-x86_64 2.0.3 22.00 NOTE
r-release-windows-x86_64 2.0.3 17.00 55.00 72.00 NOTE
r-oldrel-macos-arm64 2.0.3 19.00 NOTE
r-oldrel-macos-x86_64 2.0.3 33.00 NOTE
r-oldrel-windows-ix86+x86_64 2.0.3 8.00 58.00 66.00 WARN

Check Details

Version: 2.0.3
Check: LazyData
Result: NOTE
     'LazyData' is specified without a 'data' directory
Flavors: r-devel-linux-x86_64-debian-clang, r-devel-linux-x86_64-debian-gcc, r-devel-linux-x86_64-fedora-clang, r-devel-linux-x86_64-fedora-gcc, r-devel-windows-x86_64, r-patched-linux-x86_64, r-release-linux-x86_64, r-release-macos-arm64, r-release-macos-x86_64, r-release-windows-x86_64, r-oldrel-macos-arm64, r-oldrel-macos-x86_64, r-oldrel-windows-ix86+x86_64

Version: 2.0.3
Check: for unstated dependencies in ‘tests’
Result: WARN
    Warning: unable to access index for repository https://bioconductor.org/packages/3.14/bioc/src/contrib:
     cannot open URL 'https://bioconductor.org/packages/3.14/bioc/src/contrib/PACKAGES'
    Warning: unable to access index for repository https://bioconductor.org/packages/3.14/data/annotation/src/contrib:
     cannot open URL 'https://bioconductor.org/packages/3.14/data/annotation/src/contrib/PACKAGES'
    Warning: unable to access index for repository https://bioconductor.org/packages/3.14/data/experiment/src/contrib:
     cannot open URL 'https://bioconductor.org/packages/3.14/data/experiment/src/contrib/PACKAGES'
Flavor: r-oldrel-windows-ix86+x86_64