CRAN Package Check Results for Package penppml

Last updated on 2022-09-25 12:56:04 CEST.

Flavor Version Tinstall Tcheck Ttotal Status Flags
r-devel-linux-x86_64-debian-clang 0.1.1 37.79 134.07 171.86 OK
r-devel-linux-x86_64-debian-gcc 0.1.1 31.83 94.02 125.85 OK
r-devel-linux-x86_64-fedora-clang 0.1.1 238.20 NOTE
r-devel-linux-x86_64-fedora-gcc 0.1.1 216.59 NOTE
r-devel-windows-x86_64 0.1.1 48.00 163.00 211.00 OK
r-patched-linux-x86_64 0.1.1 38.20 122.40 160.60 OK
r-release-linux-x86_64 0.1.1 32.90 120.81 153.71 OK
r-release-macos-arm64 0.1.1 65.00 NOTE
r-release-macos-x86_64 0.1.1 86.00 NOTE
r-release-windows-x86_64 0.1.1 53.00 163.00 216.00 OK
r-oldrel-macos-arm64 0.1.1 62.00 NOTE
r-oldrel-macos-x86_64 0.1.1 91.00 NOTE
r-oldrel-windows-ix86+x86_64 0.1.1 92.00 221.00 313.00 OK

Check Details

Version: 0.1.1
Check: dependencies in R code
Result: NOTE
    Namespace in Imports field not imported from: ‘fixest’
     All declared Imports should be used.
Flavors: r-devel-linux-x86_64-fedora-clang, r-devel-linux-x86_64-fedora-gcc, r-release-macos-arm64, r-release-macos-x86_64, r-oldrel-macos-arm64, r-oldrel-macos-x86_64

Version: 0.1.1
Check: installed package size
Result: NOTE
     installed size is 9.9Mb
     sub-directories of 1Mb or more:
     data 1.8Mb
     libs 7.7Mb
Flavors: r-release-macos-arm64, r-release-macos-x86_64, r-oldrel-macos-arm64, r-oldrel-macos-x86_64