CRAN Package Check Results for Package pedquant

Last updated on 2022-09-25 12:56:04 CEST.

Flavor Version Tinstall Tcheck Ttotal Status Flags
r-devel-linux-x86_64-debian-clang 0.2.0 17.51 120.42 137.93 OK
r-devel-linux-x86_64-debian-gcc 0.2.0 12.85 87.97 100.82 OK
r-devel-linux-x86_64-fedora-clang 0.2.0 169.13 NOTE
r-devel-linux-x86_64-fedora-gcc 0.2.0 164.28 NOTE
r-devel-windows-x86_64 0.2.0 58.00 133.00 191.00 OK
r-patched-linux-x86_64 0.2.0 21.11 110.12 131.23 OK
r-release-linux-x86_64 0.2.0 11.04 111.77 122.81 OK
r-release-macos-arm64 0.2.0 41.00 NOTE
r-release-macos-x86_64 0.2.0 59.00 NOTE
r-release-windows-x86_64 0.2.0 44.00 134.00 178.00 OK
r-oldrel-macos-arm64 0.2.0 47.00 NOTE
r-oldrel-macos-x86_64 0.2.0 59.00 NOTE
r-oldrel-windows-ix86+x86_64 0.2.0 36.00 145.00 181.00 OK

Check Details

Version: 0.2.0
Check: data for non-ASCII characters
Result: NOTE
     Note: found 13918 marked UTF-8 strings
Flavors: r-devel-linux-x86_64-fedora-clang, r-devel-linux-x86_64-fedora-gcc, r-release-macos-arm64, r-release-macos-x86_64, r-oldrel-macos-arm64, r-oldrel-macos-x86_64