CRAN Package Check Results for Package paramtest

Last updated on 2022-10-05 12:56:57 CEST.

Flavor Version Tinstall Tcheck Ttotal Status Flags
r-devel-linux-x86_64-debian-clang 0.1.0 2.88 47.41 50.29 NOTE
r-devel-linux-x86_64-debian-gcc 0.1.0 2.02 34.90 36.92 NOTE
r-devel-linux-x86_64-fedora-clang 0.1.0 70.96 NOTE
r-devel-linux-x86_64-fedora-gcc 0.1.0 67.02 NOTE
r-devel-windows-x86_64 0.1.0 21.00 84.00 105.00 NOTE
r-patched-linux-x86_64 0.1.0 2.37 45.00 47.37 NOTE
r-release-linux-x86_64 0.1.0 2.81 43.27 46.08 NOTE
r-release-macos-arm64 0.1.0 22.00 NOTE
r-release-macos-x86_64 0.1.0 31.00 NOTE
r-release-windows-x86_64 0.1.0 17.00 78.00 95.00 NOTE
r-oldrel-macos-arm64 0.1.0 31.00 NOTE
r-oldrel-macos-x86_64 0.1.0 45.00 NOTE
r-oldrel-windows-ix86+x86_64 0.1.0 6.00 75.00 81.00 NOTE

Check Details

Version: 0.1.0
Check: LazyData
Result: NOTE
     'LazyData' is specified without a 'data' directory
Flavors: r-devel-linux-x86_64-debian-clang, r-devel-linux-x86_64-debian-gcc, r-devel-linux-x86_64-fedora-clang, r-devel-linux-x86_64-fedora-gcc, r-devel-windows-x86_64, r-patched-linux-x86_64, r-release-linux-x86_64, r-release-macos-arm64, r-release-macos-x86_64, r-release-windows-x86_64, r-oldrel-macos-arm64, r-oldrel-macos-x86_64, r-oldrel-windows-ix86+x86_64