CRAN Package Check Results for Package parallelDist

Last updated on 2022-10-02 12:56:00 CEST.

Flavor Version Tinstall Tcheck Ttotal Status Flags
r-devel-linux-x86_64-debian-clang 0.2.6 70.51 132.81 203.32 OK
r-devel-linux-x86_64-debian-gcc 0.2.6 54.58 92.43 147.01 OK
r-devel-linux-x86_64-fedora-clang 0.2.6 290.23 OK
r-devel-linux-x86_64-fedora-gcc 0.2.6 268.22 OK
r-devel-windows-x86_64 0.2.6 72.00 198.00 270.00 OK
r-patched-linux-x86_64 0.2.6 64.26 118.77 183.03 OK
r-release-linux-x86_64 0.2.6 60.59 119.58 180.17 OK
r-release-macos-arm64 0.2.6 64.00 OK
r-release-macos-x86_64 0.2.6 84.00 OK
r-release-windows-x86_64 0.2.6 78.00 193.00 271.00 OK
r-oldrel-macos-arm64 0.2.6 64.00 NOTE
r-oldrel-macos-x86_64 0.2.6 104.00 OK
r-oldrel-windows-ix86+x86_64 0.2.6 181.00 276.00 457.00 OK

Check Details

Version: 0.2.6
Check: installed package size
Result: NOTE
     installed size is 5.4Mb
     sub-directories of 1Mb or more:
     libs 5.1Mb
Flavor: r-oldrel-macos-arm64