CRAN Package Check Results for Package openMSE

Last updated on 2022-09-25 12:56:03 CEST.

Flavor Version Tinstall Tcheck Ttotal Status Flags
r-devel-linux-x86_64-debian-clang 1.0.0 15.09 116.77 131.86 NOTE
r-devel-linux-x86_64-debian-gcc 1.0.0 11.30 86.54 97.84 NOTE
r-devel-linux-x86_64-fedora-clang 1.0.0 169.31 NOTE
r-devel-linux-x86_64-fedora-gcc 1.0.0 158.74 NOTE
r-devel-windows-x86_64 1.0.0 15.00 123.00 138.00 NOTE
r-patched-linux-x86_64 1.0.0 10.87 107.42 118.29 NOTE
r-release-linux-x86_64 1.0.0 9.06 108.15 117.21 NOTE
r-release-macos-arm64 1.0.0 37.00 NOTE
r-release-macos-x86_64 1.0.0 72.00 NOTE
r-release-windows-x86_64 1.0.0 18.00 137.00 155.00 NOTE
r-oldrel-macos-arm64 1.0.0 44.00 NOTE
r-oldrel-macos-x86_64 1.0.0 56.00 NOTE
r-oldrel-windows-ix86+x86_64 1.0.0 32.00 132.00 164.00 NOTE

Check Details

Version: 1.0.0
Check: LazyData
Result: NOTE
     'LazyData' is specified without a 'data' directory
Flavors: r-devel-linux-x86_64-debian-clang, r-devel-linux-x86_64-debian-gcc, r-devel-linux-x86_64-fedora-clang, r-devel-linux-x86_64-fedora-gcc, r-devel-windows-x86_64, r-patched-linux-x86_64, r-release-linux-x86_64, r-release-macos-arm64, r-release-macos-x86_64, r-release-windows-x86_64, r-oldrel-macos-arm64, r-oldrel-macos-x86_64, r-oldrel-windows-ix86+x86_64