CRAN Package Check Results for Package nnls

Last updated on 2022-10-01 12:56:18 CEST.

Flavor Version Tinstall Tcheck Ttotal Status Flags
r-devel-linux-x86_64-debian-clang 1.4 2.91 22.07 24.98 OK
r-devel-linux-x86_64-debian-gcc 1.4 1.79 17.49 19.28 OK
r-devel-linux-x86_64-fedora-clang 1.4 43.84 NOTE
r-devel-linux-x86_64-fedora-gcc 1.4 44.10 NOTE
r-devel-windows-x86_64 1.4 8.00 54.00 62.00 OK
r-patched-linux-x86_64 1.4 3.15 20.81 23.96 OK
r-release-linux-x86_64 1.4 2.66 21.00 23.66 OK
r-release-macos-arm64 1.4 18.00 OK
r-release-macos-x86_64 1.4 24.00 OK
r-release-windows-x86_64 1.4 6.00 50.00 56.00 OK
r-oldrel-macos-arm64 1.4 19.00 OK
r-oldrel-macos-x86_64 1.4 31.00 OK
r-oldrel-windows-ix86+x86_64 1.4 9.00 29.00 38.00 OK

Check Details

Version: 1.4
Check: Rd cross-references
Result: NOTE
    Undeclared packages ‘quadprog’, ‘bvls’ in Rd xrefs
Flavor: r-devel-linux-x86_64-fedora-clang

Version: 1.4
Check: compiled code
Result: NOTE
    File ‘nnls/libs/nnls.so’:
     Found no calls to: ‘R_registerRoutines’, ‘R_useDynamicSymbols’
    
    It is good practice to register native routines and to disable symbol
    search.
    
    See ‘Writing portable packages’ in the ‘Writing R Extensions’ manual.
Flavors: r-devel-linux-x86_64-fedora-clang, r-devel-linux-x86_64-fedora-gcc