CRAN Package Check Results for Package netmeta

Last updated on 2021-10-23 12:07:38 CEST.

Flavor Version Tinstall Tcheck Ttotal Status Flags
r-devel-linux-x86_64-debian-clang 2.0-0 30.56 453.59 484.15 OK
r-devel-linux-x86_64-debian-gcc 2.0-0 27.48 337.19 364.67 OK
r-devel-linux-x86_64-fedora-clang 2.0-0 590.11 NOTE
r-devel-linux-x86_64-fedora-gcc 2.0-0 614.26 NOTE
r-devel-windows-x86_64 2.0-0 48.00 517.00 565.00 OK
r-devel-windows-x86_64-gcc10-UCRT 2.0-0 NOTE
r-patched-linux-x86_64 2.0-0 35.32 450.00 485.32 OK
r-patched-solaris-x86 2.0-0 632.50 NOTE
r-release-linux-x86_64 2.0-0 29.77 448.19 477.96 OK
r-release-macos-arm64 1.5-0 NOTE
r-release-macos-x86_64 2.0-0 NOTE
r-release-windows-ix86+x86_64 2.0-0 44.00 437.00 481.00 OK
r-oldrel-macos-x86_64 2.0-0 NOTE
r-oldrel-windows-ix86+x86_64 2.0-0 44.00 353.00 397.00 OK

Check Details

Version: 2.0-0
Check: data for non-ASCII characters
Result: NOTE
     Note: found 1 marked UTF-8 string
Flavors: r-devel-linux-x86_64-fedora-clang, r-devel-linux-x86_64-fedora-gcc, r-devel-windows-x86_64-gcc10-UCRT, r-patched-solaris-x86, r-release-macos-x86_64, r-oldrel-macos-x86_64

Version: 1.5-0
Check: data for non-ASCII characters
Result: NOTE
     Note: found 1 marked UTF-8 string
Flavor: r-release-macos-arm64