CRAN Package Check Results for Package netassoc

Last updated on 2021-10-21 12:58:08 CEST.

Flavor Version Tinstall Tcheck Ttotal Status Flags
r-devel-linux-x86_64-debian-clang 0.6.3 7.84 69.73 77.57 OK
r-devel-linux-x86_64-debian-gcc 0.6.3 6.39 54.27 60.66 OK
r-devel-linux-x86_64-fedora-clang 0.6.3 105.83 OK
r-devel-linux-x86_64-fedora-gcc 0.6.3 94.33 OK
r-devel-windows-x86_64 0.6.3 12.00 110.00 122.00 OK
r-devel-windows-x86_64-gcc10-UCRT 0.6.3 ERROR
r-patched-linux-x86_64 0.6.3 11.69 67.72 79.41 OK
r-patched-solaris-x86 0.6.3 154.30 OK
r-release-linux-x86_64 0.6.3 7.21 68.68 75.89 OK
r-release-macos-arm64 0.6.3 OK
r-release-macos-x86_64 0.6.3 OK
r-release-windows-ix86+x86_64 0.6.3 14.00 92.00 106.00 OK
r-oldrel-macos-x86_64 0.6.3 OK
r-oldrel-windows-ix86+x86_64 0.6.3 20.00 94.00 114.00 OK

Check Details

Version: 0.6.3
Check: package dependencies
Result: ERROR
    Packages required but not available: 'igraph', 'huge'
    
    See section 'The DESCRIPTION file' in the 'Writing R Extensions'
    manual.
Flavor: r-devel-windows-x86_64-gcc10-UCRT