CRAN Package Check Results for Package neatmaps

Last updated on 2021-10-21 12:58:08 CEST.

Flavor Version Tinstall Tcheck Ttotal Status Flags
r-devel-linux-x86_64-debian-clang 2.1.0 8.14 89.36 97.50 OK
r-devel-linux-x86_64-debian-gcc 2.1.0 7.62 66.42 74.04 OK
r-devel-linux-x86_64-fedora-clang 2.1.0 124.85 NOTE
r-devel-linux-x86_64-fedora-gcc 2.1.0 112.37 OK
r-devel-windows-x86_64 2.1.0 14.00 129.00 143.00 NOTE
r-devel-windows-x86_64-gcc10-UCRT 2.1.0 ERROR
r-patched-linux-x86_64 2.1.0 7.24 84.28 91.52 OK
r-patched-solaris-x86 2.1.0 165.00 NOTE
r-release-linux-x86_64 2.1.0 8.10 83.96 92.06 OK
r-release-macos-arm64 2.1.0 NOTE
r-release-macos-x86_64 2.1.0 ERROR
r-release-windows-ix86+x86_64 2.1.0 23.00 115.00 138.00 NOTE
r-oldrel-macos-x86_64 2.1.0 ERROR
r-oldrel-windows-ix86+x86_64 2.1.0 22.00 115.00 137.00 NOTE

Check Details

Version: 2.1.0
Check: installed package size
Result: NOTE
     installed size is 6.3Mb
Flavors: r-devel-linux-x86_64-fedora-clang, r-devel-windows-x86_64, r-patched-solaris-x86, r-release-macos-arm64, r-release-windows-ix86+x86_64, r-oldrel-windows-ix86+x86_64

Version: 2.1.0
Check: package dependencies
Result: ERROR
    Package required but not available: 'igraph'
    
    See section 'The DESCRIPTION file' in the 'Writing R Extensions'
    manual.
Flavor: r-devel-windows-x86_64-gcc10-UCRT

Version: 2.1.0
Check: package dependencies
Result: ERROR
    Package required but not available: ‘ConsensusClusterPlus’
    
    See section ‘The DESCRIPTION file’ in the ‘Writing R Extensions’
    manual.
Flavors: r-release-macos-x86_64, r-oldrel-macos-x86_64