CRAN Package Check Results for Package multinet

Last updated on 2021-10-21 12:58:08 CEST.

Flavor Version Tinstall Tcheck Ttotal Status Flags
r-devel-linux-x86_64-debian-clang 4.0 587.36 47.85 635.21 OK
r-devel-linux-x86_64-debian-gcc 4.0 635.05 37.32 672.37 OK
r-devel-linux-x86_64-fedora-clang 4.0 1280.14 NOTE
r-devel-linux-x86_64-fedora-gcc 4.0 1277.91 OK
r-devel-windows-x86_64 4.0 926.00 95.00 1021.00 OK
r-devel-windows-x86_64-gcc10-UCRT 4.0 ERROR
r-patched-linux-x86_64 4.0 750.47 46.57 797.04 OK
r-patched-solaris-x86 4.0 1408.60 OK
r-release-linux-x86_64 4.0 751.05 46.18 797.23 OK
r-release-macos-arm64 4.0 NOTE
r-release-macos-x86_64 4.0 NOTE
r-release-windows-ix86+x86_64 4.0 1367.00 125.00 1492.00 NOTE
r-oldrel-macos-x86_64 4.0 NOTE
r-oldrel-windows-ix86+x86_64 4.0 1850.00 129.00 1979.00 NOTE

Check Details

Version: 4.0
Check: installed package size
Result: NOTE
     installed size is 57.2Mb
     sub-directories of 1Mb or more:
     libs 57.0Mb
Flavors: r-devel-linux-x86_64-fedora-clang, r-release-macos-arm64, r-release-macos-x86_64, r-release-windows-ix86+x86_64, r-oldrel-macos-x86_64, r-oldrel-windows-ix86+x86_64

Version: 4.0
Check: package dependencies
Result: ERROR
    Package required but not available: 'igraph'
    
    See section 'The DESCRIPTION file' in the 'Writing R Extensions'
    manual.
Flavor: r-devel-windows-x86_64-gcc10-UCRT