CRAN Package Check Results for Package multifear

Last updated on 2022-10-03 12:53:17 CEST.

Flavor Version Tinstall Tcheck Ttotal Status Flags
r-devel-linux-x86_64-debian-clang 0.1.2 8.47 185.06 193.53 OK
r-devel-linux-x86_64-debian-gcc 0.1.2 6.09 135.42 141.51 OK
r-devel-linux-x86_64-fedora-clang 0.1.2 264.21 NOTE
r-devel-linux-x86_64-fedora-gcc 0.1.2 243.18 NOTE
r-devel-windows-x86_64 0.1.2 43.00 214.00 257.00 OK
r-patched-linux-x86_64 0.1.2 8.00 175.42 183.42 OK
r-release-linux-x86_64 0.1.2 6.30 177.00 183.30 OK
r-release-macos-arm64 0.1.2 61.00 NOTE
r-release-macos-x86_64 0.1.2 104.00 NOTE
r-release-windows-x86_64 0.1.2 34.00 213.00 247.00 OK
r-oldrel-macos-arm64 0.1.2 72.00 NOTE
r-oldrel-macos-x86_64 0.1.2 75.00 NOTE
r-oldrel-windows-ix86+x86_64 0.1.2 19.00 211.00 230.00 OK

Check Details

Version: 0.1.2
Check: dependencies in R code
Result: NOTE
    Namespace in Imports field not imported from: ‘ez’
     All declared Imports should be used.
Flavors: r-devel-linux-x86_64-fedora-clang, r-devel-linux-x86_64-fedora-gcc, r-release-macos-arm64, r-release-macos-x86_64, r-oldrel-macos-arm64, r-oldrel-macos-x86_64