CRAN Package Check Results for Package mnormt

Last updated on 2022-09-27 12:52:57 CEST.

Flavor Version Tinstall Tcheck Ttotal Status Flags
r-devel-linux-x86_64-debian-clang 2.1.0 5.63 32.80 38.43 OK
r-devel-linux-x86_64-debian-gcc 2.1.0 3.95 24.71 28.66 OK
r-devel-linux-x86_64-fedora-clang 2.1.1 63.65 OK
r-devel-linux-x86_64-fedora-gcc 2.1.1 62.50 OK
r-devel-windows-x86_64 2.1.0 20.00 62.00 82.00 OK
r-patched-linux-x86_64 2.1.0 6.42 30.57 36.99 OK
r-release-linux-x86_64 2.1.0 6.08 30.46 36.54 OK
r-release-macos-arm64 2.1.1 19.00 OK
r-release-macos-x86_64 2.1.0 36.00 OK
r-release-windows-x86_64 2.1.1 16.00 57.00 73.00 OK
r-oldrel-macos-arm64 2.1.0 18.00 OK
r-oldrel-macos-x86_64 2.1.0 36.00 OK
r-oldrel-windows-ix86+x86_64 2.1.1 2.00 13.00 15.00 ERROR

Check Details

Version: 2.1.1
Check: whether package can be installed
Result: ERROR
    Installation failed.
Flavor: r-oldrel-windows-ix86+x86_64