CRAN Package Check Results for Package mmaqshiny

Last updated on 2022-10-03 12:53:16 CEST.

Flavor Version Tinstall Tcheck Ttotal Status Flags
r-devel-linux-x86_64-debian-clang 1.0.0 4.04 21.83 25.87 NOTE
r-devel-linux-x86_64-debian-gcc 1.0.0 3.03 17.29 20.32 NOTE
r-devel-linux-x86_64-fedora-clang 1.0.0 42.84 NOTE
r-devel-linux-x86_64-fedora-gcc 1.0.0 39.52 NOTE
r-devel-windows-x86_64 1.0.0 84.00 51.00 135.00 NOTE
r-patched-linux-x86_64 1.0.0 3.39 21.00 24.39 NOTE
r-release-linux-x86_64 1.0.0 2.92 20.85 23.77 NOTE
r-release-macos-arm64 1.0.0 16.00 NOTE
r-release-macos-x86_64 1.0.0 25.00 NOTE
r-release-windows-x86_64 1.0.0 47.00 48.00 95.00 NOTE
r-oldrel-macos-arm64 1.0.0 19.00 NOTE
r-oldrel-macos-x86_64 1.0.0 26.00 NOTE
r-oldrel-windows-ix86+x86_64 1.0.0 10.00 50.00 60.00 NOTE

Check Details

Version: 1.0.0
Check: LazyData
Result: NOTE
     'LazyData' is specified without a 'data' directory
Flavors: r-devel-linux-x86_64-debian-clang, r-devel-linux-x86_64-debian-gcc, r-devel-linux-x86_64-fedora-clang, r-devel-linux-x86_64-fedora-gcc, r-devel-windows-x86_64, r-patched-linux-x86_64, r-release-linux-x86_64, r-release-macos-arm64, r-release-macos-x86_64, r-release-windows-x86_64, r-oldrel-macos-arm64, r-oldrel-macos-x86_64, r-oldrel-windows-ix86+x86_64

Version: 1.0.0
Check: installed package size
Result: NOTE
     installed size is 15.7Mb
     sub-directories of 1Mb or more:
     images 1.1Mb
     shiny 14.5Mb
Flavors: r-devel-linux-x86_64-fedora-clang, r-devel-windows-x86_64, r-release-macos-arm64, r-release-macos-x86_64, r-release-windows-x86_64, r-oldrel-macos-arm64, r-oldrel-macos-x86_64, r-oldrel-windows-ix86+x86_64

Version: 1.0.0
Check: dependencies in R code
Result: NOTE
    Namespaces in Imports field not imported from:
     ‘Cairo’ ‘DT’ ‘XML’ ‘caTools’ ‘data.table’ ‘dplyr’ ‘ggplot2’
     ‘htmltools’ ‘leaflet’ ‘lubridate’ ‘plotly’ ‘shinyjs’ ‘stringr’ ‘xts’
     ‘zoo’
     All declared Imports should be used.
Flavors: r-devel-linux-x86_64-fedora-clang, r-devel-linux-x86_64-fedora-gcc, r-release-macos-arm64, r-release-macos-x86_64, r-oldrel-macos-arm64, r-oldrel-macos-x86_64