CRAN Package Check Results for Package missingHE

Last updated on 2022-10-02 12:55:58 CEST.

Flavor Version Tinstall Tcheck Ttotal Status Flags
r-devel-linux-x86_64-debian-clang 1.4.1 23.19 352.68 375.87 OK
r-devel-linux-x86_64-debian-gcc 1.4.1 18.54 254.37 272.91 OK
r-devel-linux-x86_64-fedora-clang 1.4.1 490.89 NOTE
r-devel-linux-x86_64-fedora-gcc 1.4.1 463.80 NOTE
r-devel-windows-x86_64 1.4.1 46.00 379.00 425.00 OK
r-patched-linux-x86_64 1.4.1 27.04 320.05 347.09 OK
r-release-linux-x86_64 1.4.1 20.78 330.96 351.74 OK
r-release-macos-arm64 1.4.1 79.00 NOTE
r-release-macos-x86_64 1.4.1 163.00 NOTE
r-release-windows-x86_64 1.4.1 51.00 379.00 430.00 OK
r-oldrel-macos-arm64 1.4.1 111.00 NOTE
r-oldrel-macos-x86_64 1.4.1 204.00 NOTE
r-oldrel-windows-ix86+x86_64 1.4.1 42.00 393.00 435.00 OK

Check Details

Version: 1.4.1
Check: dependencies in R code
Result: NOTE
    Namespace in Imports field not imported from: ‘mcmcr’
     All declared Imports should be used.
Flavors: r-devel-linux-x86_64-fedora-clang, r-devel-linux-x86_64-fedora-gcc, r-release-macos-arm64, r-release-macos-x86_64, r-oldrel-macos-arm64, r-oldrel-macos-x86_64