CRAN Package Check Results for Package mev

Last updated on 2022-10-03 12:53:16 CEST.

Flavor Version Tinstall Tcheck Ttotal Status Flags
r-devel-linux-x86_64-debian-clang 1.14 140.41 206.85 347.26 NOTE
r-devel-linux-x86_64-debian-gcc 1.14 97.11 151.72 248.83 NOTE
r-devel-linux-x86_64-fedora-clang 1.14 475.08 NOTE
r-devel-linux-x86_64-fedora-gcc 1.14 463.93 NOTE
r-devel-windows-x86_64 1.14 151.00 280.00 431.00 NOTE
r-patched-linux-x86_64 1.14 97.02 187.78 284.80 OK
r-release-linux-x86_64 1.14 90.89 188.16 279.05 OK
r-release-macos-arm64 1.14 101.00 NOTE
r-release-macos-x86_64 1.14 138.00 NOTE
r-release-windows-x86_64 1.14 202.00 251.00 453.00 OK
r-oldrel-macos-arm64 1.14 100.00 NOTE
r-oldrel-macos-x86_64 1.14 135.00 NOTE
r-oldrel-windows-ix86+x86_64 1.14 273.00 257.00 530.00 OK

Check Details

Version: 1.14
Check: package subdirectories
Result: NOTE
    Problems with news in 'NEWS.md':
     Cannot extract version info from the following section titles:
     mev v.1.9x
     mev v.1.8x
Flavors: r-devel-linux-x86_64-debian-clang, r-devel-linux-x86_64-debian-gcc, r-devel-linux-x86_64-fedora-clang, r-devel-linux-x86_64-fedora-gcc, r-devel-windows-x86_64

Version: 1.14
Check: Rd cross-references
Result: NOTE
    Undeclared packages ‘hoa’, ‘evir’ in Rd xrefs
Flavor: r-devel-linux-x86_64-fedora-clang

Version: 1.14
Check: installed package size
Result: NOTE
     installed size is 8.6Mb
     sub-directories of 1Mb or more:
     libs 6.7Mb
Flavors: r-release-macos-arm64, r-release-macos-x86_64, r-oldrel-macos-arm64, r-oldrel-macos-x86_64