CRAN Package Check Results for Package medrxivr

Last updated on 2022-10-03 12:53:16 CEST.

Flavor Version Tinstall Tcheck Ttotal Status Flags
r-devel-linux-x86_64-debian-clang 0.0.5 5.55 92.76 98.31 NOTE
r-devel-linux-x86_64-debian-gcc 0.0.5 4.73 67.14 71.87 NOTE
r-devel-linux-x86_64-fedora-clang 0.0.5 135.96 NOTE
r-devel-linux-x86_64-fedora-gcc 0.0.5 126.91 NOTE
r-devel-windows-x86_64 0.0.5 19.00 135.00 154.00 NOTE
r-patched-linux-x86_64 0.0.5 6.40 86.51 92.91 NOTE
r-release-linux-x86_64 0.0.5 5.30 84.36 89.66 NOTE
r-release-macos-arm64 0.0.5 90.00 NOTE
r-release-macos-x86_64 0.0.5 88.00 NOTE
r-release-windows-x86_64 0.0.5 27.00 140.00 167.00 NOTE
r-oldrel-macos-arm64 0.0.5 90.00 NOTE
r-oldrel-macos-x86_64 0.0.5 95.00 NOTE
r-oldrel-windows-ix86+x86_64 0.0.5 14.00 132.00 146.00 NOTE

Check Details

Version: 0.0.5
Check: LazyData
Result: NOTE
     'LazyData' is specified without a 'data' directory
Flavors: r-devel-linux-x86_64-debian-clang, r-devel-linux-x86_64-debian-gcc, r-devel-linux-x86_64-fedora-clang, r-devel-linux-x86_64-fedora-gcc, r-devel-windows-x86_64, r-patched-linux-x86_64, r-release-linux-x86_64, r-release-macos-arm64, r-release-macos-x86_64, r-release-windows-x86_64, r-oldrel-macos-arm64, r-oldrel-macos-x86_64, r-oldrel-windows-ix86+x86_64

Version: 0.0.5
Check: dependencies in R code
Result: NOTE
    Namespace in Imports field not imported from: ‘vroom’
     All declared Imports should be used.
Flavors: r-devel-linux-x86_64-fedora-clang, r-devel-linux-x86_64-fedora-gcc, r-release-macos-arm64, r-release-macos-x86_64, r-oldrel-macos-arm64, r-oldrel-macos-x86_64