CRAN Package Check Results for Package markovchain

Last updated on 2021-10-23 12:07:36 CEST.

Flavor Version Tinstall Tcheck Ttotal Status Flags
r-devel-linux-x86_64-debian-clang 0.8.6 170.61 304.16 474.77 OK
r-devel-linux-x86_64-debian-gcc 0.8.6 121.22 221.52 342.74 OK
r-devel-linux-x86_64-fedora-clang 0.8.6 626.40 NOTE
r-devel-linux-x86_64-fedora-gcc 0.8.6 594.92 OK
r-devel-windows-x86_64 0.8.6 209.00 389.00 598.00 OK
r-devel-windows-x86_64-gcc10-UCRT 0.8.6 OK
r-patched-linux-x86_64 0.8.6 155.90 297.04 452.94 OK
r-patched-solaris-x86 0.8.6 408.40 OK
r-release-linux-x86_64 0.8.6 156.50 302.15 458.65 OK
r-release-macos-arm64 0.8.6 NOTE
r-release-macos-x86_64 0.8.6 NOTE
r-release-windows-ix86+x86_64 0.8.6 298.00 417.00 715.00 OK
r-oldrel-macos-x86_64 0.8.6 NOTE
r-oldrel-windows-ix86+x86_64 0.8.6 398.00 482.00 880.00 OK

Check Details

Version: 0.8.6
Check: installed package size
Result: NOTE
     installed size is 10.2Mb
     sub-directories of 1Mb or more:
     libs 8.5Mb
Flavors: r-devel-linux-x86_64-fedora-clang, r-release-macos-arm64, r-release-macos-x86_64, r-oldrel-macos-x86_64