CRAN Package Check Results for Package mappoly

Last updated on 2022-09-30 12:55:13 CEST.

Flavor Version Tinstall Tcheck Ttotal Status Flags
r-devel-linux-x86_64-debian-clang 0.3.1 189.88 325.72 515.60 OK
r-devel-linux-x86_64-debian-gcc 0.3.1 150.17 230.32 380.49 OK
r-devel-linux-x86_64-fedora-clang 0.3.1 686.55 NOTE
r-devel-linux-x86_64-fedora-gcc 0.3.1 625.88 OK
r-devel-windows-x86_64 0.3.1 199.00 383.00 582.00 NOTE
r-patched-linux-x86_64 0.3.1 171.49 298.77 470.26 OK
r-release-linux-x86_64 0.3.1 165.71 302.33 468.04 OK
r-release-macos-arm64 0.3.1 145.00 NOTE
r-release-macos-x86_64 0.3.1 215.00 NOTE
r-release-windows-x86_64 0.3.1 202.00 380.00 582.00 NOTE
r-oldrel-macos-arm64 0.3.1 131.00 NOTE
r-oldrel-macos-x86_64 0.3.1 215.00 NOTE
r-oldrel-windows-ix86+x86_64 0.3.1 402.00 577.00 979.00 NOTE

Check Details

Version: 0.3.1
Check: installed package size
Result: NOTE
     installed size is 7.5Mb
     sub-directories of 1Mb or more:
     R 2.7Mb
     data 2.4Mb
Flavors: r-devel-linux-x86_64-fedora-clang, r-devel-windows-x86_64, r-release-macos-arm64, r-release-macos-x86_64, r-release-windows-x86_64, r-oldrel-macos-arm64, r-oldrel-macos-x86_64, r-oldrel-windows-ix86+x86_64