CRAN Package Check Results for Package mapedit

Last updated on 2022-08-06 12:57:25 CEST.

Flavor Version Tinstall Tcheck Ttotal Status Flags
r-devel-linux-x86_64-debian-clang 0.6.0 6.27 57.30 63.57 NOTE
r-devel-linux-x86_64-debian-gcc 0.6.0 4.58 43.26 47.84 NOTE
r-devel-linux-x86_64-fedora-clang 0.6.0 82.40 NOTE
r-devel-linux-x86_64-fedora-gcc 0.6.0 83.13 NOTE
r-devel-windows-x86_64 0.6.0 16.00 82.00 98.00 NOTE
r-patched-linux-x86_64 0.6.0 12.07 54.06 66.13 NOTE
r-release-linux-x86_64 0.6.0 3.55 55.15 58.70 NOTE
r-release-macos-arm64 0.6.0 23.00 NOTE
r-release-macos-x86_64 0.6.0 41.00 NOTE
r-release-windows-x86_64 0.6.0 19.00 85.00 104.00 NOTE
r-oldrel-macos-arm64 0.6.0 24.00 NOTE
r-oldrel-macos-x86_64 0.6.0 41.00 NOTE
r-oldrel-windows-ix86+x86_64 0.6.0 14.00 84.00 98.00 NOTE

Check Details

Version: 0.6.0
Check: package subdirectories
Result: NOTE
    Problems with news in 'NEWS.md':
     Cannot extract version info from the following section titles:
     Bug Fixes
Flavors: r-devel-linux-x86_64-debian-clang, r-devel-linux-x86_64-debian-gcc, r-devel-linux-x86_64-fedora-clang, r-devel-linux-x86_64-fedora-gcc, r-devel-windows-x86_64

Version: 0.6.0
Check: LazyData
Result: NOTE
     'LazyData' is specified without a 'data' directory
Flavors: r-devel-linux-x86_64-debian-clang, r-devel-linux-x86_64-debian-gcc, r-devel-linux-x86_64-fedora-clang, r-devel-linux-x86_64-fedora-gcc, r-devel-windows-x86_64, r-patched-linux-x86_64, r-release-linux-x86_64, r-release-macos-arm64, r-release-macos-x86_64, r-release-windows-x86_64, r-oldrel-macos-arm64, r-oldrel-macos-x86_64, r-oldrel-windows-ix86+x86_64