CRAN Package Check Results for Package lsa

Last updated on 2022-09-24 12:57:31 CEST.

Flavor Version Tinstall Tcheck Ttotal Status Flags
r-devel-linux-x86_64-debian-clang 0.73.3 3.49 38.80 42.29 NOTE
r-devel-linux-x86_64-debian-gcc 0.73.3 2.95 31.66 34.61 NOTE
r-devel-linux-x86_64-fedora-clang 0.73.3 64.45 NOTE
r-devel-linux-x86_64-fedora-gcc 0.73.3 63.33 NOTE
r-devel-windows-x86_64 0.73.3 16.00 74.00 90.00 NOTE
r-patched-linux-x86_64 0.73.3 3.87 37.63 41.50 OK
r-release-linux-x86_64 0.73.3 4.05 37.70 41.75 OK
r-release-macos-arm64 0.73.3 31.00 NOTE
r-release-macos-x86_64 0.73.3 30.00 NOTE
r-release-windows-x86_64 0.73.3 16.00 75.00 91.00 OK
r-oldrel-macos-arm64 0.73.3 21.00 NOTE
r-oldrel-macos-x86_64 0.73.3 30.00 NOTE
r-oldrel-windows-ix86+x86_64 0.73.3 7.00 64.00 71.00 OK

Check Details

Version: 0.73.3
Check: Rd files
Result: NOTE
    checkRd: (-1) specialchars.Rd:6: Escaped LaTeX specials: \&
Flavors: r-devel-linux-x86_64-debian-clang, r-devel-linux-x86_64-debian-gcc, r-devel-linux-x86_64-fedora-clang, r-devel-linux-x86_64-fedora-gcc, r-devel-windows-x86_64

Version: 0.73.3
Check: data for non-ASCII characters
Result: NOTE
     Note: found 143 marked Latin-1 strings
     Note: found 833 marked UTF-8 strings
Flavors: r-devel-linux-x86_64-fedora-clang, r-devel-linux-x86_64-fedora-gcc, r-release-macos-arm64, r-release-macos-x86_64, r-oldrel-macos-arm64, r-oldrel-macos-x86_64