CRAN Package Check Results for Package lpirfs

Last updated on 2022-09-30 12:55:12 CEST.

Flavor Version Tinstall Tcheck Ttotal Status Flags
r-devel-linux-x86_64-debian-clang 0.2.1 131.47 223.91 355.38 OK
r-devel-linux-x86_64-debian-gcc 0.2.1 103.10 156.58 259.68 OK
r-devel-linux-x86_64-fedora-clang 0.2.1 480.73 OK
r-devel-linux-x86_64-fedora-gcc 0.2.1 444.93 OK
r-devel-windows-x86_64 0.2.1 119.00 399.00 518.00 OK
r-patched-linux-x86_64 0.2.1 115.91 196.08 311.99 OK
r-release-linux-x86_64 0.2.1 111.73 182.30 294.03 OK
r-release-macos-arm64 0.2.1 160.00 NOTE
r-release-macos-x86_64 0.2.1 211.00 NOTE
r-release-windows-x86_64 0.2.1 115.00 404.00 519.00 OK
r-oldrel-macos-arm64 0.2.1 153.00 NOTE
r-oldrel-macos-x86_64 0.2.1 211.00 NOTE
r-oldrel-windows-ix86+x86_64 0.2.1 330.00 567.00 897.00 OK

Check Details

Version: 0.2.1
Check: installed package size
Result: NOTE
     installed size is 5.4Mb
     sub-directories of 1Mb or more:
     libs 3.8Mb
Flavors: r-release-macos-arm64, r-release-macos-x86_64, r-oldrel-macos-arm64, r-oldrel-macos-x86_64