CRAN Package Check Results for Package lava

Last updated on 2022-10-03 12:53:14 CEST.

Flavor Version Tinstall Tcheck Ttotal Status Flags
r-devel-linux-x86_64-debian-clang 1.6.10 37.38 419.20 456.58 NOTE
r-devel-linux-x86_64-debian-gcc 1.6.10 33.99 300.89 334.88 NOTE
r-devel-linux-x86_64-fedora-clang 1.6.10 563.55 NOTE
r-devel-linux-x86_64-fedora-gcc 1.6.10 569.21 NOTE
r-devel-windows-x86_64 1.6.10 102.00 465.00 567.00 NOTE
r-patched-linux-x86_64 1.6.10 40.51 396.34 436.85 NOTE
r-release-linux-x86_64 1.6.10 33.08 394.48 427.56 NOTE
r-release-macos-arm64 1.6.10 125.00 NOTE
r-release-macos-x86_64 1.6.10 180.00 NOTE
r-release-windows-x86_64 1.6.10 113.00 450.00 563.00 NOTE
r-oldrel-macos-arm64 1.6.10 216.00 NOTE
r-oldrel-macos-x86_64 1.6.10 169.00 NOTE
r-oldrel-windows-ix86+x86_64 1.6.10 68.00 457.00 525.00 WARN

Check Details

Version: 1.6.10
Check: package dependencies
Result: NOTE
    Packages suggested but not available for checking: 'gof', 'lava.tobit'
Flavors: r-devel-linux-x86_64-debian-clang, r-devel-linux-x86_64-debian-gcc, r-devel-linux-x86_64-fedora-clang, r-devel-linux-x86_64-fedora-gcc, r-devel-windows-x86_64, r-patched-linux-x86_64, r-release-linux-x86_64, r-release-macos-x86_64, r-release-windows-x86_64, r-oldrel-macos-arm64, r-oldrel-macos-x86_64

Version: 1.6.10
Check: Rd files
Result: NOTE
    checkRd: (-1) Col.Rd:17: Escaped LaTeX specials: \#
    checkRd: (-1) regression-set.Rd:103: Escaped LaTeX specials: \$
Flavors: r-devel-linux-x86_64-debian-clang, r-devel-linux-x86_64-debian-gcc, r-devel-linux-x86_64-fedora-clang, r-devel-linux-x86_64-fedora-gcc, r-devel-windows-x86_64

Version: 1.6.10
Check: package dependencies
Result: NOTE
    Packages suggested but not available for checking:
     'Rgraphviz', 'gof', 'graph', 'lava.tobit'
Flavor: r-release-macos-arm64

Version: 1.6.10
Check: installed package size
Result: NOTE
     installed size is 5.1Mb
     sub-directories of 1Mb or more:
     R 2.1Mb
     doc 2.1Mb
Flavor: r-oldrel-macos-arm64

Version: 1.6.10
Check: for unstated dependencies in ‘tests’
Result: WARN
    Warning: unable to access index for repository https://bioconductor.org/packages/3.14/bioc/src/contrib:
     cannot open URL 'https://bioconductor.org/packages/3.14/bioc/src/contrib/PACKAGES'
    Warning: unable to access index for repository https://bioconductor.org/packages/3.14/data/annotation/src/contrib:
     cannot open URL 'https://bioconductor.org/packages/3.14/data/annotation/src/contrib/PACKAGES'
    Warning: unable to access index for repository https://bioconductor.org/packages/3.14/data/experiment/src/contrib:
     cannot open URL 'https://bioconductor.org/packages/3.14/data/experiment/src/contrib/PACKAGES'
Flavor: r-oldrel-windows-ix86+x86_64