CRAN Package Check Results for Package kde1d

Last updated on 2022-10-02 12:55:56 CEST.

Flavor Version Tinstall Tcheck Ttotal Status Flags
r-devel-linux-x86_64-debian-clang 1.0.5 51.53 34.95 86.48 OK
r-devel-linux-x86_64-debian-gcc 1.0.5 40.94 27.53 68.47 OK
r-devel-linux-x86_64-fedora-clang 1.0.5 120.85 OK
r-devel-linux-x86_64-fedora-gcc 1.0.5 116.22 OK
r-devel-windows-x86_64 1.0.5 43.00 83.00 126.00 OK
r-patched-linux-x86_64 1.0.5 37.09 34.19 71.28 OK
r-release-linux-x86_64 1.0.5 43.02 33.35 76.37 OK
r-release-macos-arm64 1.0.5 37.00 NOTE
r-release-macos-x86_64 1.0.5 47.00 NOTE
r-release-windows-x86_64 1.0.5 45.00 82.00 127.00 OK
r-oldrel-macos-arm64 1.0.5 36.00 NOTE
r-oldrel-macos-x86_64 1.0.5 51.00 NOTE
r-oldrel-windows-ix86+x86_64 1.0.5 105.00 85.00 190.00 OK

Check Details

Version: 1.0.5
Check: installed package size
Result: NOTE
     installed size is 15.9Mb
     sub-directories of 1Mb or more:
     libs 15.8Mb
Flavors: r-release-macos-arm64, r-release-macos-x86_64, r-oldrel-macos-arm64, r-oldrel-macos-x86_64