CRAN Package Check Results for Package jarbes

Last updated on 2022-10-05 12:56:53 CEST.

Flavor Version Tinstall Tcheck Ttotal Status Flags
r-devel-linux-x86_64-debian-clang 2.0.0 10.81 82.03 92.84 OK
r-devel-linux-x86_64-debian-gcc 2.0.0 7.52 61.06 68.58 OK
r-devel-linux-x86_64-fedora-clang 2.0.0 123.48 NOTE
r-devel-linux-x86_64-fedora-gcc 2.0.0 117.84 NOTE
r-devel-windows-x86_64 2.0.0 28.00 109.00 137.00 OK
r-patched-linux-x86_64 2.0.0 6.67 76.39 83.06 OK
r-release-linux-x86_64 2.0.0 7.60 76.24 83.84 OK
r-release-macos-arm64 2.0.0 38.00 NOTE
r-release-macos-x86_64 2.0.0 50.00 NOTE
r-release-windows-x86_64 2.0.0 25.00 105.00 130.00 OK
r-oldrel-macos-arm64 2.0.0 36.00 NOTE
r-oldrel-macos-x86_64 2.0.0 48.00 NOTE
r-oldrel-windows-ix86+x86_64 2.0.0 25.00 102.00 127.00 OK

Check Details

Version: 2.0.0
Check: dependencies in R code
Result: NOTE
    Namespaces in Imports field not imported from:
     ‘grid’ ‘mcmcplots’ ‘tidyverse’
     All declared Imports should be used.
Flavors: r-devel-linux-x86_64-fedora-clang, r-devel-linux-x86_64-fedora-gcc, r-release-macos-arm64, r-release-macos-x86_64, r-oldrel-macos-arm64, r-oldrel-macos-x86_64