CRAN Package Check Results for Package irtrees

Last updated on 2017-04-26 23:53:04.

Flavor Version Tinstall Tcheck Ttotal Status Flags
r-devel-linux-x86_64-debian-clang 0.1.0 0.64 11.41 12.06 NOTE
r-devel-linux-x86_64-debian-gcc 0.1.0 0.63 11.26 11.89 NOTE
r-devel-linux-x86_64-fedora-clang 0.1.0 18.86 NOTE --no-stop-on-test-error
r-devel-linux-x86_64-fedora-gcc 0.1.0 17.90 NOTE --no-stop-on-test-error
r-devel-windows-ix86+x86_64 0.1.0 4.00 30.00 34.00 NOTE
r-patched-linux-x86_64 0.1.0 0.63 11.35 11.97 NOTE
r-patched-solaris-sparc 0.1.0 113.80 NOTE
r-patched-solaris-x86 0.1.0 27.00 NOTE
r-release-linux-x86_64 0.1.0 0.64 11.19 11.83 NOTE
r-release-windows-ix86+x86_64 0.1.0 2.00 25.00 27.00 NOTE
r-release-osx-x86_64 0.1.0 NOTE
r-oldrel-windows-ix86+x86_64 0.1.0 2.00 32.00 34.00 NOTE
r-oldrel-osx-x86_64 0.1.0 NOTE

Check Details

Version: 0.1.0
Check: R code for possible problems
Result: NOTE
    dendrify: no visible binding for global variable ‘item’
    dendrify: no visible binding for global variable ‘node’
    dendrify: no visible binding for global variable ‘value’
    exogenize: no visible binding for global variable ‘item’
    Undefined global functions or variables:
     item node value
Flavors: r-devel-linux-x86_64-debian-clang, r-devel-linux-x86_64-debian-gcc, r-devel-windows-ix86+x86_64, r-patched-linux-x86_64, r-patched-solaris-sparc, r-patched-solaris-x86, r-release-linux-x86_64, r-release-windows-ix86+x86_64, r-release-osx-x86_64, r-oldrel-windows-ix86+x86_64, r-oldrel-osx-x86_64

Version: 0.1.0
Flags: --no-stop-on-test-error
Check: R code for possible problems
Result: NOTE
    dendrify: no visible binding for global variable ‘item’
    dendrify: no visible binding for global variable ‘node’
    dendrify: no visible binding for global variable ‘value’
    exogenize: no visible binding for global variable ‘item’
    Undefined global functions or variables:
     item node value
Flavors: r-devel-linux-x86_64-fedora-clang, r-devel-linux-x86_64-fedora-gcc