CRAN Package Check Results for Package industRial

Last updated on 2022-10-04 12:53:41 CEST.

Flavor Version Tinstall Tcheck Ttotal Status Flags
r-devel-linux-x86_64-debian-clang 0.1.0 8.00 61.33 69.33 OK
r-devel-linux-x86_64-debian-gcc 0.1.0 6.19 46.13 52.32 OK
r-devel-linux-x86_64-fedora-clang 0.1.0 96.44 NOTE
r-devel-linux-x86_64-fedora-gcc 0.1.0 93.58 NOTE
r-devel-windows-x86_64 0.1.0 49.00 94.00 143.00 OK
r-patched-linux-x86_64 0.1.0 6.53 57.77 64.30 OK
r-release-linux-x86_64 0.1.0 4.88 56.97 61.85 OK
r-release-macos-arm64 0.1.0 26.00 NOTE
r-release-macos-x86_64 0.1.0 47.00 NOTE
r-release-windows-x86_64 0.1.0 52.00 97.00 149.00 OK
r-oldrel-macos-arm64 0.1.0 30.00 NOTE
r-oldrel-macos-x86_64 0.1.0 37.00 NOTE
r-oldrel-windows-ix86+x86_64 0.1.0 18.00 86.00 104.00 OK

Check Details

Version: 0.1.0
Check: data for non-ASCII characters
Result: NOTE
     Note: found 2 marked UTF-8 strings
Flavors: r-devel-linux-x86_64-fedora-clang, r-devel-linux-x86_64-fedora-gcc, r-release-macos-arm64, r-release-macos-x86_64, r-oldrel-macos-arm64, r-oldrel-macos-x86_64