CRAN Package Check Results for Package imputeTestbench

Last updated on 2022-09-24 12:57:29 CEST.

Flavor Version Tinstall Tcheck Ttotal Status Flags
r-devel-linux-x86_64-debian-clang 3.0.3 9.29 74.44 83.73 NOTE
r-devel-linux-x86_64-debian-gcc 3.0.3 6.89 64.82 71.71 NOTE
r-devel-linux-x86_64-fedora-clang 3.0.3 135.32 NOTE
r-devel-linux-x86_64-fedora-gcc 3.0.3 122.39 NOTE
r-devel-windows-x86_64 3.0.3 27.00 109.00 136.00 NOTE
r-patched-linux-x86_64 3.0.3 5.16 74.61 79.77 NOTE
r-release-linux-x86_64 3.0.3 7.92 81.44 89.36 NOTE
r-release-macos-arm64 3.0.3 35.00 NOTE
r-release-macos-x86_64 3.0.3 60.00 NOTE
r-release-windows-x86_64 3.0.3 30.00 111.00 141.00 NOTE
r-oldrel-macos-arm64 3.0.3 41.00 NOTE
r-oldrel-macos-x86_64 3.0.3 52.00 NOTE
r-oldrel-windows-ix86+x86_64 3.0.3 24.00 110.00 134.00 NOTE

Check Details

Version: 3.0.3
Check: LazyData
Result: NOTE
     'LazyData' is specified without a 'data' directory
Flavors: r-devel-linux-x86_64-debian-clang, r-devel-linux-x86_64-debian-gcc, r-devel-linux-x86_64-fedora-clang, r-devel-linux-x86_64-fedora-gcc, r-devel-windows-x86_64, r-patched-linux-x86_64, r-release-linux-x86_64, r-release-macos-arm64, r-release-macos-x86_64, r-release-windows-x86_64, r-oldrel-macos-arm64, r-oldrel-macos-x86_64, r-oldrel-windows-ix86+x86_64