CRAN Package Check Results for Package impactr

Last updated on 2022-09-30 12:55:11 CEST.

Flavor Version Tinstall Tcheck Ttotal Status Flags
r-devel-linux-x86_64-debian-clang 0.4.1 28.70 67.27 95.97 NOTE
r-devel-linux-x86_64-debian-gcc 0.4.1 20.93 50.45 71.38 NOTE
r-devel-linux-x86_64-fedora-clang 0.4.1 140.07 NOTE
r-devel-linux-x86_64-fedora-gcc 0.4.1 126.89 NOTE
r-devel-windows-x86_64 0.4.1 39.00 119.00 158.00 NOTE
r-patched-linux-x86_64 0.4.1 18.21 64.94 83.15 NOTE
r-release-linux-x86_64 0.4.1 17.51 64.21 81.72 NOTE
r-release-macos-arm64 0.4.1 37.00 NOTE
r-release-macos-x86_64 0.4.1 49.00 NOTE
r-release-windows-x86_64 0.4.1 36.00 116.00 152.00 NOTE
r-oldrel-macos-arm64 0.4.1 40.00 NOTE
r-oldrel-macos-x86_64 0.4.1 48.00 NOTE
r-oldrel-windows-ix86+x86_64 0.4.1 75.00 140.00 215.00 NOTE

Check Details

Version: 0.4.1
Check: package dependencies
Result: NOTE
    Package suggested but not available for checking: 'accdata'
Flavors: r-devel-linux-x86_64-debian-clang, r-devel-linux-x86_64-debian-gcc, r-devel-linux-x86_64-fedora-clang, r-devel-linux-x86_64-fedora-gcc, r-devel-windows-x86_64, r-patched-linux-x86_64, r-release-linux-x86_64, r-release-macos-arm64, r-release-macos-x86_64, r-release-windows-x86_64, r-oldrel-macos-arm64, r-oldrel-macos-x86_64, r-oldrel-windows-ix86+x86_64