CRAN Package Check Results for Package icecream

Last updated on 2022-09-24 12:57:29 CEST.

Flavor Version Tinstall Tcheck Ttotal Status Flags
r-devel-linux-x86_64-debian-clang 0.2.0 2.10 26.65 28.75 OK
r-devel-linux-x86_64-debian-gcc 0.2.0 1.65 20.81 22.46 OK
r-devel-linux-x86_64-fedora-clang 0.2.0 47.79 NOTE
r-devel-linux-x86_64-fedora-gcc 0.2.0 44.88 OK
r-devel-windows-x86_64 0.2.0 15.00 54.00 69.00 OK
r-patched-linux-x86_64 0.2.0 2.39 25.22 27.61 OK
r-release-linux-x86_64 0.2.0 2.39 25.63 28.02 OK
r-release-macos-arm64 0.2.0 16.00 OK
r-release-macos-x86_64 0.2.0 22.00 OK
r-release-windows-x86_64 0.2.0 14.00 52.00 66.00 OK
r-oldrel-macos-arm64 0.2.0 17.00 OK
r-oldrel-macos-x86_64 0.2.0 22.00 OK
r-oldrel-windows-ix86+x86_64 0.2.0 5.00 55.00 60.00 OK

Check Details

Version: 0.2.0
Check: Rd cross-references
Result: NOTE
    Undeclared package ‘tibble’ in Rd xrefs
Flavor: r-devel-linux-x86_64-fedora-clang