CRAN Package Check Results for Package hydroTSM

Last updated on 2022-09-25 12:55:59 CEST.

Flavor Version Tinstall Tcheck Ttotal Status Flags
r-devel-linux-x86_64-debian-clang 0.6-0 15.42 148.68 164.10 OK
r-devel-linux-x86_64-debian-gcc 0.6-0 13.18 109.90 123.08 OK
r-devel-linux-x86_64-fedora-clang 0.6-0 204.32 NOTE
r-devel-linux-x86_64-fedora-gcc 0.6-0 210.88 OK
r-devel-windows-x86_64 0.6-0 41.00 252.00 293.00 OK
r-patched-linux-x86_64 0.6-0 13.39 137.85 151.24 OK
r-release-linux-x86_64 0.6-0 12.12 139.60 151.72 OK
r-release-macos-arm64 0.6-0 49.00 OK
r-release-macos-x86_64 0.6-0 102.00 OK
r-release-windows-x86_64 0.6-0 53.00 254.00 307.00 OK
r-oldrel-macos-arm64 0.6-0 58.00 OK
r-oldrel-macos-x86_64 0.6-0 92.00 OK
r-oldrel-windows-ix86+x86_64 0.6-0 41.00 199.00 240.00 OK

Check Details

Version: 0.6-0
Check: Rd cross-references
Result: NOTE
    Undeclared package ‘rgdal’ in Rd xrefs
Flavor: r-devel-linux-x86_64-fedora-clang