CRAN Package Check Results for Package hutilscpp

Last updated on 2022-10-05 12:56:52 CEST.

Flavor Version Tinstall Tcheck Ttotal Status Flags
r-devel-linux-x86_64-debian-clang 0.9.2 25.85 125.97 151.82 OK
r-devel-linux-x86_64-debian-gcc 0.9.2 20.03 87.08 107.11 OK
r-devel-linux-x86_64-fedora-clang 0.9.2 190.40 WARN
r-devel-linux-x86_64-fedora-gcc 0.9.2 187.81 WARN
r-devel-windows-x86_64 0.9.2 95.00 149.00 244.00 OK
r-patched-linux-x86_64 0.9.2 21.99 116.72 138.71 OK
r-release-linux-x86_64 0.9.2 20.95 118.49 139.44 OK
r-release-macos-arm64 0.9.2 63.00 OK
r-release-macos-x86_64 0.9.2 81.00 OK
r-release-windows-x86_64 0.9.2 86.00 144.00 230.00 OK
r-oldrel-macos-arm64 0.9.2 69.00 OK
r-oldrel-macos-x86_64 0.9.2 82.00 OK
r-oldrel-windows-ix86+x86_64 0.9.2 97.00 239.00 336.00 OK

Check Details

Version: 0.9.2
Check: whether package can be installed
Result: WARN
    Found the following significant warnings:
     ./hutilscpp.h:184:16: warning: a function declaration without a prototype is deprecated in all versions of C [-Wstrict-prototypes]
     C_lehmer.c:17:25: warning: a function declaration without a prototype is deprecated in all versions of C [-Wstrict-prototypes]
     init.c:55:24: warning: a function declaration without a prototype is deprecated in all versions of C [-Wstrict-prototypes]
     omp_diagnose.c:7:16: warning: a function declaration without a prototype is deprecated in all versions of C [-Wstrict-prototypes]
     omp_diagnose.c:20:17: warning: a function declaration without a prototype is deprecated in all versions of C [-Wstrict-prototypes]
     pcg_hash.c:13:22: warning: a function declaration without a prototype is deprecated in all versions of C [-Wstrict-prototypes]
     pcg_hash.c:37:32: warning: a function declaration without a prototype is deprecated in all versions of C [-Wstrict-prototypes]
Flavor: r-devel-linux-x86_64-fedora-clang

Version: 0.9.2
Check: whether package can be installed
Result: WARN
    Found the following significant warnings:
     hutilscpp.h:184:1: warning: function declaration isn’t a prototype [-Wstrict-prototypes]
     C_lehmer.c:17:17: warning: function declaration isn’t a prototype [-Wstrict-prototypes]
     init.c:55:1: warning: function declaration isn’t a prototype [-Wstrict-prototypes]
     omp_diagnose.c:7:6: warning: function declaration isn’t a prototype [-Wstrict-prototypes]
     omp_diagnose.c:20:6: warning: function declaration isn’t a prototype [-Wstrict-prototypes]
     pcg_hash.c:13:14: warning: function declaration isn’t a prototype [-Wstrict-prototypes]
     pcg_hash.c:37:14: warning: function declaration isn’t a prototype [-Wstrict-prototypes]
Flavor: r-devel-linux-x86_64-fedora-gcc