CRAN Package Check Results for Package httk

Last updated on 2022-08-06 12:57:23 CEST.

Flavor Version Tinstall Tcheck Ttotal Status Flags
r-devel-linux-x86_64-debian-clang 2.1.0 40.03 740.55 780.58 NOTE
r-devel-linux-x86_64-debian-gcc 2.1.0 32.68 539.00 571.68 NOTE
r-devel-linux-x86_64-fedora-clang 2.1.0 981.78 NOTE
r-devel-linux-x86_64-fedora-gcc 2.1.0 1005.79 NOTE
r-devel-windows-x86_64 2.1.0 94.00 839.00 933.00 NOTE
r-patched-linux-x86_64 2.1.0 44.33 664.00 708.33 NOTE
r-release-linux-x86_64 2.1.0 38.68 751.11 789.79 NOTE
r-release-macos-arm64 2.1.0 252.00 NOTE
r-release-macos-x86_64 2.1.0 317.00 NOTE
r-release-windows-x86_64 2.1.0 73.00 838.00 911.00 NOTE
r-oldrel-macos-arm64 2.1.0 200.00 NOTE
r-oldrel-macos-x86_64 2.1.0 313.00 NOTE
r-oldrel-windows-ix86+x86_64 2.1.0 69.00 1187.00 1256.00 NOTE

Check Details

Version: 2.1.0
Check: package dependencies
Result: NOTE
    Package suggested but not available for checking: 'CensRegMod'
Flavors: r-devel-linux-x86_64-debian-clang, r-devel-linux-x86_64-debian-gcc, r-devel-linux-x86_64-fedora-clang, r-devel-linux-x86_64-fedora-gcc, r-patched-linux-x86_64, r-release-linux-x86_64

Version: 2.1.0
Check: installed package size
Result: NOTE
     installed size is 7.8Mb
     sub-directories of 1Mb or more:
     data 4.8Mb
     doc 1.3Mb
Flavors: r-devel-linux-x86_64-fedora-clang, r-devel-windows-x86_64, r-release-macos-arm64, r-release-macos-x86_64, r-release-windows-x86_64, r-oldrel-macos-arm64, r-oldrel-macos-x86_64, r-oldrel-windows-ix86+x86_64

Version: 2.1.0
Check: data for non-ASCII characters
Result: NOTE
     Note: found 24 marked UTF-8 strings
Flavors: r-devel-linux-x86_64-fedora-clang, r-devel-linux-x86_64-fedora-gcc, r-release-macos-arm64, r-release-macos-x86_64, r-oldrel-macos-arm64, r-oldrel-macos-x86_64