CRAN Package Check Results for Package heplots

Last updated on 2022-09-30 12:55:10 CEST.

Flavor Version Tinstall Tcheck Ttotal Status Flags
r-devel-linux-x86_64-debian-clang 1.3-9 8.01 126.18 134.19 OK
r-devel-linux-x86_64-debian-gcc 1.3-9 5.06 92.21 97.27 OK
r-devel-linux-x86_64-fedora-clang 1.3-9 171.39 NOTE
r-devel-linux-x86_64-fedora-gcc 1.3-9 172.31 OK
r-devel-windows-x86_64 1.3-9 63.00 227.00 290.00 OK
r-patched-linux-x86_64 1.3-9 10.21 119.44 129.65 OK
r-release-linux-x86_64 1.3-9 5.92 120.05 125.97 OK
r-release-macos-arm64 1.3-9 50.00 OK
r-release-macos-x86_64 1.3-9 79.00 OK
r-release-windows-x86_64 1.3-9 57.00 236.00 293.00 OK
r-oldrel-macos-arm64 1.3-9 67.00 OK
r-oldrel-macos-x86_64 1.3-9 79.00 OK
r-oldrel-windows-ix86+x86_64 1.3-9 14.00 163.00 177.00 OK

Check Details

Version: 1.3-9
Check: Rd cross-references
Result: NOTE
    Undeclared packages ‘Sleuth2’, ‘rrcov’, ‘carData’, ‘qqtest’ in Rd xrefs
Flavor: r-devel-linux-x86_64-fedora-clang