CRAN Package Check Results for Package healthyverse

Last updated on 2022-09-24 12:57:29 CEST.

Flavor Version Tinstall Tcheck Ttotal Status Flags
r-devel-linux-x86_64-debian-clang 1.0.2 11.87 139.34 151.21 OK
r-devel-linux-x86_64-debian-gcc 1.0.2 11.05 100.99 112.04 OK
r-devel-linux-x86_64-fedora-clang 1.0.2 194.27 NOTE
r-devel-linux-x86_64-fedora-gcc 1.0.2 179.82 NOTE
r-devel-windows-x86_64 1.0.2 45.00 148.00 193.00 OK
r-patched-linux-x86_64 1.0.2 14.10 128.53 142.63 OK
r-release-linux-x86_64 1.0.2 12.66 125.30 137.96 OK
r-release-macos-arm64 1.0.2 51.00 NOTE
r-release-macos-x86_64 1.0.2 84.00 NOTE
r-release-windows-x86_64 1.0.2 29.00 149.00 178.00 OK
r-oldrel-macos-arm64 1.0.2 45.00 NOTE
r-oldrel-macos-x86_64 1.0.2 67.00 NOTE
r-oldrel-windows-ix86+x86_64 1.0.2 38.00 145.00 183.00 OK

Check Details

Version: 1.0.2
Check: dependencies in R code
Result: NOTE
    Namespaces in Imports field not imported from:
     ‘TidyDensity’ ‘healthyR’ ‘healthyR.ai’ ‘healthyR.data’ ‘healthyR.ts’
     All declared Imports should be used.
Flavors: r-devel-linux-x86_64-fedora-clang, r-devel-linux-x86_64-fedora-gcc, r-release-macos-arm64, r-release-macos-x86_64, r-oldrel-macos-arm64, r-oldrel-macos-x86_64