CRAN Package Check Results for Package healthyR

Last updated on 2022-08-14 12:53:20 CEST.

Flavor Version Tinstall Tcheck Ttotal Status Flags
r-devel-linux-x86_64-debian-clang 0.2.0 12.68 145.95 158.63 OK
r-devel-linux-x86_64-debian-gcc 0.2.0 8.97 105.70 114.67 OK
r-devel-linux-x86_64-fedora-clang 0.2.0 195.24 NOTE
r-devel-linux-x86_64-fedora-gcc 0.2.0 192.19 OK
r-devel-windows-x86_64 0.2.0 35.00 186.00 221.00 NOTE
r-patched-linux-x86_64 0.2.0 12.80 131.63 144.43 OK
r-release-linux-x86_64 0.2.0 8.41 137.40 145.81 OK
r-release-macos-arm64 0.2.0 61.00 NOTE
r-release-macos-x86_64 0.2.0 82.00 NOTE
r-release-windows-x86_64 0.2.0 42.00 188.00 230.00 NOTE
r-oldrel-macos-arm64 0.2.0 60.00 NOTE
r-oldrel-macos-x86_64 0.2.0 86.00 NOTE
r-oldrel-windows-ix86+x86_64 0.2.0 28.00 184.00 212.00 NOTE

Check Details

Version: 0.2.0
Check: installed package size
Result: NOTE
     installed size is 5.6Mb
     sub-directories of 1Mb or more:
     data 1.5Mb
     doc 3.8Mb
Flavors: r-devel-linux-x86_64-fedora-clang, r-devel-windows-x86_64, r-release-macos-arm64, r-release-macos-x86_64, r-release-windows-x86_64, r-oldrel-macos-arm64, r-oldrel-macos-x86_64, r-oldrel-windows-ix86+x86_64