CRAN Package Check Results for Package h2o

Last updated on 2022-09-30 12:55:10 CEST.

Flavor Version Tinstall Tcheck Ttotal Status Flags
r-devel-linux-x86_64-debian-clang 3.38.0.1 36.69 191.04 227.73 OK
r-devel-linux-x86_64-debian-gcc 3.38.0.1 25.97 139.15 165.12 OK
r-devel-linux-x86_64-fedora-clang 3.38.0.1 293.61 NOTE
r-devel-linux-x86_64-fedora-gcc 3.38.0.1 278.41 OK
r-devel-windows-x86_64 3.38.0.1 246.00 298.00 544.00 NOTE
r-patched-linux-x86_64 3.38.0.1 41.41 170.77 212.18 OK
r-release-linux-x86_64 3.38.0.1 34.86 169.88 204.74 OK
r-release-macos-arm64 3.38.0.1 201.00 NOTE
r-release-macos-x86_64 3.38.0.1 150.00 NOTE
r-release-windows-x86_64 3.38.0.1 246.00 230.00 476.00 NOTE
r-oldrel-macos-arm64 3.38.0.1 201.00 NOTE
r-oldrel-macos-x86_64 3.38.0.1 161.00 NOTE
r-oldrel-windows-ix86+x86_64 3.38.0.1 84.00 219.00 303.00 NOTE

Check Details

Version: 3.38.0.1
Check: installed package size
Result: NOTE
     installed size is 182.3Mb
     sub-directories of 1Mb or more:
     R 1.5Mb
     java 179.3Mb
Flavors: r-devel-linux-x86_64-fedora-clang, r-devel-windows-x86_64, r-release-macos-arm64, r-release-macos-x86_64, r-release-windows-x86_64, r-oldrel-macos-arm64, r-oldrel-macos-x86_64, r-oldrel-windows-ix86+x86_64