CRAN Package Check Results for Package gstar

Last updated on 2022-09-25 12:55:58 CEST.

Flavor Version Tinstall Tcheck Ttotal Status Flags
r-devel-linux-x86_64-debian-clang 0.1.0 6.76 60.75 67.51 OK
r-devel-linux-x86_64-debian-gcc 0.1.0 5.14 45.74 50.88 OK
r-devel-linux-x86_64-fedora-clang 0.1.0 88.46 NOTE
r-devel-linux-x86_64-fedora-gcc 0.1.0 106.06 NOTE
r-devel-windows-x86_64 0.1.0 12.00 82.00 94.00 OK
r-patched-linux-x86_64 0.1.0 5.65 56.96 62.61 OK
r-release-linux-x86_64 0.1.0 6.51 57.42 63.93 OK
r-release-macos-arm64 0.1.0 24.00 NOTE
r-release-macos-x86_64 0.1.0 46.00 NOTE
r-release-windows-x86_64 0.1.0 14.00 84.00 98.00 OK
r-oldrel-macos-arm64 0.1.0 32.00 NOTE
r-oldrel-macos-x86_64 0.1.0 43.00 NOTE
r-oldrel-windows-ix86+x86_64 0.1.0 16.00 85.00 101.00 OK

Check Details

Version: 0.1.0
Check: dependencies in R code
Result: NOTE
    Namespace in Imports field not imported from: ‘dplyr’
     All declared Imports should be used.
Flavors: r-devel-linux-x86_64-fedora-clang, r-devel-linux-x86_64-fedora-gcc, r-release-macos-arm64, r-release-macos-x86_64, r-oldrel-macos-arm64, r-oldrel-macos-x86_64