CRAN Package Check Results for Package gplots

Last updated on 2022-10-01 12:56:13 CEST.

Flavor Version Tinstall Tcheck Ttotal Status Flags
r-devel-linux-x86_64-debian-clang 3.1.3 6.19 85.18 91.37 NOTE
r-devel-linux-x86_64-debian-gcc 3.1.3 6.09 63.51 69.60 NOTE
r-devel-linux-x86_64-fedora-clang 3.1.3 131.22 NOTE
r-devel-linux-x86_64-fedora-gcc 3.1.3 126.69 NOTE
r-devel-windows-x86_64 3.1.3 24.00 121.00 145.00 NOTE
r-patched-linux-x86_64 3.1.3 6.25 80.95 87.20 OK
r-release-linux-x86_64 3.1.3 6.86 80.19 87.05 OK
r-release-macos-arm64 3.1.3 31.00 OK
r-release-macos-x86_64 3.1.3 48.00 OK
r-release-windows-x86_64 3.1.3 28.00 122.00 150.00 OK
r-oldrel-macos-arm64 3.1.3 34.00 OK
r-oldrel-macos-x86_64 3.1.3 52.00 OK
r-oldrel-windows-ix86+x86_64 3.1.3 13.00 111.00 124.00 OK

Check Details

Version: 3.1.3
Check: Rd files
Result: NOTE
    checkRd: (-1) barplot2.Rd:219: Escaped LaTeX specials: \_
    checkRd: (-1) colorpanel.Rd:31: Escaped LaTeX specials: \#
    checkRd: (-1) qqnorm.aov.Rd:33: Escaped LaTeX specials: \&
    checkRd: (-1) venn.Rd:59: Escaped LaTeX specials: \_
Flavors: r-devel-linux-x86_64-debian-clang, r-devel-linux-x86_64-debian-gcc, r-devel-linux-x86_64-fedora-clang, r-devel-linux-x86_64-fedora-gcc, r-devel-windows-x86_64