Last updated on 2022-08-09 12:53:27 CEST.
Flavor | Version | Tinstall | Tcheck | Ttotal | Status | Flags |
---|---|---|---|---|---|---|
r-devel-linux-x86_64-debian-clang | 4.0 | 11.11 | 91.04 | 102.15 | NOTE | |
r-devel-linux-x86_64-debian-gcc | 4.0 | 8.66 | 66.84 | 75.50 | NOTE | |
r-devel-linux-x86_64-fedora-clang | 4.0 | 132.11 | NOTE | |||
r-devel-linux-x86_64-fedora-gcc | 4.0 | 126.12 | NOTE | |||
r-devel-windows-x86_64 | 4.0 | 30.00 | 109.00 | 139.00 | NOTE | |
r-patched-linux-x86_64 | 4.0 | 8.52 | 84.90 | 93.42 | OK | |
r-release-linux-x86_64 | 4.0 | OK | ||||
r-release-macos-arm64 | 4.0 | 34.00 | OK | |||
r-release-macos-x86_64 | 4.0 | 56.00 | ERROR | |||
r-release-windows-x86_64 | 4.0 | 26.00 | 114.00 | 140.00 | OK | |
r-oldrel-macos-arm64 | 4.0 | 37.00 | OK | |||
r-oldrel-macos-x86_64 | 4.0 | 58.00 | ERROR | |||
r-oldrel-windows-ix86+x86_64 | 4.0 | 23.00 | 106.00 | 129.00 | OK |
Version: 4.0
Check: Rd files
Result: NOTE
checkRd: (-1) congagvp.Rd:46: Escaped LaTeX specials: \&
Flavors: r-devel-linux-x86_64-debian-clang, r-devel-linux-x86_64-debian-gcc, r-devel-linux-x86_64-fedora-clang, r-devel-linux-x86_64-fedora-gcc, r-devel-windows-x86_64
Version: 4.0
Check: examples
Result: ERROR
Running examples in ‘gluvarpro-Ex.R’ failed
The error most likely occurred in:
> ### Name: preprocessgvp
> ### Title: preprocessing raw data from continuous glucose monitoring
> ### Aliases: preprocessgvp
>
> ### ** Examples
>
> data("datagvp4")
> preprocessgvp(datagvp4)
Error in preprocessgvp(datagvp4) :
Variable date and time must have yyyy/mm/dd and hh:mm:ss format.
Execution halted
Flavors: r-release-macos-x86_64, r-oldrel-macos-x86_64