CRAN Package Check Results for Package ggpubr

Last updated on 2022-08-06 12:57:22 CEST.

Flavor Version Tinstall Tcheck Ttotal Status Flags
r-devel-linux-x86_64-debian-clang 0.4.0 17.74 242.16 259.90 NOTE
r-devel-linux-x86_64-debian-gcc 0.4.0 13.27 172.68 185.95 NOTE
r-devel-linux-x86_64-fedora-clang 0.4.0 291.55 NOTE
r-devel-linux-x86_64-fedora-gcc 0.4.0 294.16 NOTE
r-devel-windows-x86_64 0.4.0 54.00 256.00 310.00 NOTE
r-patched-linux-x86_64 0.4.0 23.31 216.87 240.18 OK
r-release-linux-x86_64 0.4.0 12.91 217.05 229.96 OK
r-release-macos-arm64 0.4.0 70.00 OK
r-release-macos-x86_64 0.4.0 133.00 OK
r-release-windows-x86_64 0.4.0 63.00 251.00 314.00 OK
r-oldrel-macos-arm64 0.4.0 86.00 OK
r-oldrel-macos-x86_64 0.4.0 145.00 OK
r-oldrel-windows-ix86+x86_64 0.4.0 32.00 251.00 283.00 OK

Check Details

Version: 0.4.0
Check: package subdirectories
Result: NOTE
    Problems with news in 'NEWS.md':
     Cannot extract version info from the following section titles:
     Bug fixes
Flavors: r-devel-linux-x86_64-debian-clang, r-devel-linux-x86_64-debian-gcc, r-devel-linux-x86_64-fedora-clang, r-devel-linux-x86_64-fedora-gcc, r-devel-windows-x86_64